{"id":19119,"date":"2023-10-06T07:21:45","date_gmt":"2023-10-06T07:21:45","guid":{"rendered":"https:\/\/tiendaroy.com\/2025\/?product=manuelito-1-1"},"modified":"2025-05-03T07:18:27","modified_gmt":"2025-05-03T07:18:27","slug":"manuelito-1-1","status":"publish","type":"product","link":"https:\/\/tiendaroy.com\/2025\/product\/manuelito-1-1\/","title":{"rendered":"Manuelito 1.1"},"content":{"rendered":"<p>Bot\u00edn casual para ni\u00f1o elaborado con 100% cuero color navy con un detalle color caf\u00e9 en el cuello. Tiene una suela bicolor blanca con azul, forros transpirables y una plantilla con memory foam para brindar confort.<\/p>\n","protected":false},"excerpt":{"rendered":"<p>Bot\u00edn casual para ni\u00f1o elaborado con 100% cuero color navy con un detalle color caf\u00e9 en el cuello. Tiene una suela bicolor blanca con azul, forros transpirables y una plantilla con memory foam para brindar confort.<\/p>\n","protected":false},"featured_media":19120,"comment_status":"closed","ping_status":"closed","template":"","meta":{"_acf_changed":false},"product_brand":[],"product_cat":[296,292,314],"product_tag":[319],"class_list":{"0":"post-19119","1":"product","2":"type-product","3":"status-publish","4":"has-post-thumbnail","6":"product_cat-botas-para-nino","7":"product_cat-calzado-para-nino","8":"product_cat-rebajas","9":"product_tag-nubock-directa-castano","11":"first","12":"instock","13":"sale","14":"purchasable","15":"product-type-variable"},"acf":[],"_links":{"self":[{"href":"https:\/\/tiendaroy.com\/2025\/wp-json\/wp\/v2\/product\/19119","targetHints":{"allow":["GET"]}}],"collection":[{"href":"https:\/\/tiendaroy.com\/2025\/wp-json\/wp\/v2\/product"}],"about":[{"href":"https:\/\/tiendaroy.com\/2025\/wp-json\/wp\/v2\/types\/product"}],"replies":[{"embeddable":true,"href":"https:\/\/tiendaroy.com\/2025\/wp-json\/wp\/v2\/comments?post=19119"}],"wp:featuredmedia":[{"embeddable":true,"href":"https:\/\/tiendaroy.com\/2025\/wp-json\/wp\/v2\/media\/19120"}],"wp:attachment":[{"href":"https:\/\/tiendaroy.com\/2025\/wp-json\/wp\/v2\/media?parent=19119"}],"wp:term":[{"taxonomy":"product_brand","embeddable":true,"href":"https:\/\/tiendaroy.com\/2025\/wp-json\/wp\/v2\/product_brand?post=19119"},{"taxonomy":"product_cat","embeddable":true,"href":"https:\/\/tiendaroy.com\/2025\/wp-json\/wp\/v2\/product_cat?post=19119"},{"taxonomy":"product_tag","embeddable":true,"href":"https:\/\/tiendaroy.com\/2025\/wp-json\/wp\/v2\/product_tag?post=19119"}],"curies":[{"name":"wp","href":"https:\/\/api.w.org\/{rel}","templated":true}]}}