{"id":20019,"date":"2024-09-20T12:13:55","date_gmt":"2024-09-20T12:13:55","guid":{"rendered":"https:\/\/tiendaroy.com\/2025\/?product=peru-2"},"modified":"2025-03-03T11:31:26","modified_gmt":"2025-03-03T11:31:26","slug":"peru-2","status":"publish","type":"product","link":"https:\/\/tiendaroy.com\/2025\/product\/peru-2\/","title":{"rendered":"PERU"},"content":{"rendered":"<p>Nuestra l\u00ednea de bota de trabajo para dar esa milla extra que necesitas en los trabajos m\u00e1s pesados. Con nuestra tecnolog\u00eda de TPU+PU suela resitente: gasolina, aceites y solventes, alta resistencia a la abrasi\u00f3n mec\u00e1nica y su alta tracci\u00f3n hacen el estilo perfecto para cualquier trabajo pesado. Adicional cuenta con una plantilla toppoli, memory foam y una burbuja de gel en el tal\u00f3n para mayor confort.<\/p>\n","protected":false},"excerpt":{"rendered":"<p>Nuestra l\u00ednea de bota de trabajo para dar esa milla extra que necesitas en los trabajos m\u00e1s pesados. Con nuestra tecnolog\u00eda de TPU+PU suela resitente: gasolina, aceites y solventes, alta resistencia a la abrasi\u00f3n mec\u00e1nica y su alta tracci\u00f3n hacen el estilo perfecto para cualquier trabajo pesado. Adicional cuenta con una plantilla toppoli, memory foam [&hellip;]<\/p>\n","protected":false},"featured_media":20020,"comment_status":"open","ping_status":"closed","template":"","meta":{"_acf_changed":false},"product_brand":[],"product_cat":[313,312,315,297],"product_tag":[330,329,326,369],"class_list":{"0":"post-20019","1":"product","2":"type-product","3":"status-publish","4":"has-post-thumbnail","6":"product_cat-bota-casual-caballero","7":"product_cat-bota-industrial-caballero","8":"product_cat-botas-con-tecnologia","9":"product_cat-botas-para-caballero","10":"product_tag-botas-caballero","11":"product_tag-botas-con-tecnologia","12":"product_tag-botas-de-cuero","13":"product_tag-botas-sin-cintas","14":"pa_piel-negro-lustrable","15":"pa_talla-83","16":"pa_talla-85","17":"pa_talla-64","18":"pa_talla-65","19":"pa_talla-67","20":"pa_talla-69","21":"pa_talla-71","23":"first","24":"instock","25":"taxable","26":"shipping-taxable","27":"purchasable","28":"product-type-variable"},"acf":[],"_links":{"self":[{"href":"https:\/\/tiendaroy.com\/2025\/wp-json\/wp\/v2\/product\/20019","targetHints":{"allow":["GET"]}}],"collection":[{"href":"https:\/\/tiendaroy.com\/2025\/wp-json\/wp\/v2\/product"}],"about":[{"href":"https:\/\/tiendaroy.com\/2025\/wp-json\/wp\/v2\/types\/product"}],"replies":[{"embeddable":true,"href":"https:\/\/tiendaroy.com\/2025\/wp-json\/wp\/v2\/comments?post=20019"}],"wp:featuredmedia":[{"embeddable":true,"href":"https:\/\/tiendaroy.com\/2025\/wp-json\/wp\/v2\/media\/20020"}],"wp:attachment":[{"href":"https:\/\/tiendaroy.com\/2025\/wp-json\/wp\/v2\/media?parent=20019"}],"wp:term":[{"taxonomy":"product_brand","embeddable":true,"href":"https:\/\/tiendaroy.com\/2025\/wp-json\/wp\/v2\/product_brand?post=20019"},{"taxonomy":"product_cat","embeddable":true,"href":"https:\/\/tiendaroy.com\/2025\/wp-json\/wp\/v2\/product_cat?post=20019"},{"taxonomy":"product_tag","embeddable":true,"href":"https:\/\/tiendaroy.com\/2025\/wp-json\/wp\/v2\/product_tag?post=20019"}],"curies":[{"name":"wp","href":"https:\/\/api.w.org\/{rel}","templated":true}]}}