{"id":20054,"date":"2024-10-29T11:46:01","date_gmt":"2024-10-29T11:46:01","guid":{"rendered":"https:\/\/tiendaroy.com\/2025\/?product=marcial"},"modified":"2025-02-20T14:19:20","modified_gmt":"2025-02-20T14:19:20","slug":"marcial","status":"publish","type":"product","link":"https:\/\/tiendaroy.com\/2025\/product\/marcial\/","title":{"rendered":"MARCIAL"},"content":{"rendered":"<p>Material: Piel nubock \u00f3leo caf\u00e9 quemado en el corte, piel gamuz\u00f3n chocolate en la leng\u00fceta,<br \/>\nlona caf\u00e9 en leng\u00fceta y cuello.<br \/>\nBota casual amarrado para caballero, en tonos caf\u00e9, combinando materiales, como el nubock,<br \/>\ngamuz\u00f3n y lona, para dar diferentes texturas, dentro de la misma gama de tonos caf\u00e9.<br \/>\nEnguate de esponja y espuma en el cuello para esa sensaci\u00f3n de suavidad y comodidad.<br \/>\nCon forro mesh color almendra, c\u00f3moda plantilla con Memory foam.<br \/>\nCintas rollizas color oro<br \/>\nSuela Marcial, bi color caramelo\/caf\u00e9, elaborada en TR.<\/p>\n","protected":false},"excerpt":{"rendered":"<p>Material: Piel nubock \u00f3leo caf\u00e9 quemado en el corte, piel gamuz\u00f3n chocolate en la leng\u00fceta, lona caf\u00e9 en leng\u00fceta y cuello. Bota casual amarrado para caballero, en tonos caf\u00e9, combinando materiales, como el nubock, gamuz\u00f3n y lona, para dar diferentes texturas, dentro de la misma gama de tonos caf\u00e9. Enguate de esponja y espuma en [&hellip;]<\/p>\n","protected":false},"featured_media":20055,"comment_status":"open","ping_status":"closed","template":"","meta":{"_acf_changed":false},"product_brand":[],"product_cat":[313,297,314],"product_tag":[],"class_list":{"0":"post-20054","1":"product","2":"type-product","3":"status-publish","4":"has-post-thumbnail","6":"product_cat-bota-casual-caballero","7":"product_cat-botas-para-caballero","8":"product_cat-rebajas","9":"pa_piel-nubock","10":"pa_talla-83","11":"pa_talla-85","12":"pa_talla-64","13":"pa_talla-65","14":"pa_talla-67","15":"pa_talla-69","16":"pa_talla-71","18":"first","19":"instock","20":"sale","21":"taxable","22":"shipping-taxable","23":"purchasable","24":"product-type-variable"},"acf":[],"_links":{"self":[{"href":"https:\/\/tiendaroy.com\/2025\/wp-json\/wp\/v2\/product\/20054","targetHints":{"allow":["GET"]}}],"collection":[{"href":"https:\/\/tiendaroy.com\/2025\/wp-json\/wp\/v2\/product"}],"about":[{"href":"https:\/\/tiendaroy.com\/2025\/wp-json\/wp\/v2\/types\/product"}],"replies":[{"embeddable":true,"href":"https:\/\/tiendaroy.com\/2025\/wp-json\/wp\/v2\/comments?post=20054"}],"wp:featuredmedia":[{"embeddable":true,"href":"https:\/\/tiendaroy.com\/2025\/wp-json\/wp\/v2\/media\/20055"}],"wp:attachment":[{"href":"https:\/\/tiendaroy.com\/2025\/wp-json\/wp\/v2\/media?parent=20054"}],"wp:term":[{"taxonomy":"product_brand","embeddable":true,"href":"https:\/\/tiendaroy.com\/2025\/wp-json\/wp\/v2\/product_brand?post=20054"},{"taxonomy":"product_cat","embeddable":true,"href":"https:\/\/tiendaroy.com\/2025\/wp-json\/wp\/v2\/product_cat?post=20054"},{"taxonomy":"product_tag","embeddable":true,"href":"https:\/\/tiendaroy.com\/2025\/wp-json\/wp\/v2\/product_tag?post=20054"}],"curies":[{"name":"wp","href":"https:\/\/api.w.org\/{rel}","templated":true}]}}