{"id":20178,"date":"2024-11-11T11:13:50","date_gmt":"2024-11-11T11:13:50","guid":{"rendered":"https:\/\/tiendaroy.com\/2025\/?product=norton-2-4"},"modified":"2025-02-21T10:11:58","modified_gmt":"2025-02-21T10:11:58","slug":"norton-2-4","status":"publish","type":"product","link":"https:\/\/tiendaroy.com\/2025\/product\/norton-2-4\/","title":{"rendered":"NORTON 2"},"content":{"rendered":"<p>NUEVA PIEL Y NUEVA HORMA<br \/>\nMaterial: Piel napa cristal caf\u00e9, la cu\u00e1l es propuesta de piel nueva.<br \/>\nBot\u00edn, casual para caballero, con el\u00e1stico liso del lado externo, y zipper del lado interno lo cual<br \/>\npermite que tenga un mejor ajuste y sea m\u00e1s sencillo colocarla.<br \/>\nEste modelo fue realizado en horma nueva con un mayor recio para conseguir un mejor calce<br \/>\nForro de plena flor canela y mesh.<br \/>\nPlantilla de memory foam.<br \/>\nSuela Norton 2, elaborada en PU, color negro.<br \/>\nPor lo que es una suela bastante ligera.<\/p>\n","protected":false},"excerpt":{"rendered":"<p>NUEVA PIEL Y NUEVA HORMA Material: Piel napa cristal caf\u00e9, la cu\u00e1l es propuesta de piel nueva. Bot\u00edn, casual para caballero, con el\u00e1stico liso del lado externo, y zipper del lado interno lo cual permite que tenga un mejor ajuste y sea m\u00e1s sencillo colocarla. Este modelo fue realizado en horma nueva con un mayor [&hellip;]<\/p>\n","protected":false},"featured_media":20179,"comment_status":"open","ping_status":"closed","template":"","meta":{"_acf_changed":false},"product_brand":[],"product_cat":[313,297,294],"product_tag":[378,346,354],"class_list":{"0":"post-20178","1":"product","2":"type-product","3":"status-publish","4":"has-post-thumbnail","6":"product_cat-bota-casual-caballero","7":"product_cat-botas-para-caballero","8":"product_cat-calzado-para-caballero","9":"product_tag-bota-caballero-casual","10":"product_tag-bota-casual","11":"product_tag-casual-caballero","12":"pa_piel-napa","13":"pa_talla-83","14":"pa_talla-85","15":"pa_talla-64","16":"pa_talla-65","17":"pa_talla-67","18":"pa_talla-69","19":"pa_talla-71","21":"first","22":"instock","23":"taxable","24":"shipping-taxable","25":"purchasable","26":"product-type-variable"},"acf":[],"_links":{"self":[{"href":"https:\/\/tiendaroy.com\/2025\/wp-json\/wp\/v2\/product\/20178","targetHints":{"allow":["GET"]}}],"collection":[{"href":"https:\/\/tiendaroy.com\/2025\/wp-json\/wp\/v2\/product"}],"about":[{"href":"https:\/\/tiendaroy.com\/2025\/wp-json\/wp\/v2\/types\/product"}],"replies":[{"embeddable":true,"href":"https:\/\/tiendaroy.com\/2025\/wp-json\/wp\/v2\/comments?post=20178"}],"wp:featuredmedia":[{"embeddable":true,"href":"https:\/\/tiendaroy.com\/2025\/wp-json\/wp\/v2\/media\/20179"}],"wp:attachment":[{"href":"https:\/\/tiendaroy.com\/2025\/wp-json\/wp\/v2\/media?parent=20178"}],"wp:term":[{"taxonomy":"product_brand","embeddable":true,"href":"https:\/\/tiendaroy.com\/2025\/wp-json\/wp\/v2\/product_brand?post=20178"},{"taxonomy":"product_cat","embeddable":true,"href":"https:\/\/tiendaroy.com\/2025\/wp-json\/wp\/v2\/product_cat?post=20178"},{"taxonomy":"product_tag","embeddable":true,"href":"https:\/\/tiendaroy.com\/2025\/wp-json\/wp\/v2\/product_tag?post=20178"}],"curies":[{"name":"wp","href":"https:\/\/api.w.org\/{rel}","templated":true}]}}