{"id":20558,"date":"2024-12-19T14:44:53","date_gmt":"2024-12-19T14:44:53","guid":{"rendered":"https:\/\/tiendaroy.com\/2025\/?product=charquito"},"modified":"2025-06-04T14:40:06","modified_gmt":"2025-06-04T20:40:06","slug":"charquito","status":"publish","type":"product","link":"https:\/\/tiendaroy.com\/2025\/product\/charquito\/","title":{"rendered":"Charquito"},"content":{"rendered":"<p>Bota casual para ni\u00f1a elaborada con cuero color negro en piel lustrable adicional tiene un z\u00edper interno, que la hace pr\u00e1ctica y funcional. Perfecta para un dia casual y diversi\u00f3n.<\/p>\n","protected":false},"excerpt":{"rendered":"<p>Bota casual para ni\u00f1a elaborada con cuero color negro en piel lustrable adicional tiene un z\u00edper interno, que la hace pr\u00e1ctica y funcional. Perfecta para un dia casual y diversi\u00f3n.<\/p>\n","protected":false},"featured_media":20559,"comment_status":"open","ping_status":"closed","template":"","meta":{"_acf_changed":false},"product_brand":[],"product_cat":[302,290,291],"product_tag":[437,436,434,364,433,432,435],"class_list":{"0":"post-20558","1":"product","2":"type-product","3":"status-publish","4":"has-post-thumbnail","6":"product_cat-botas-para-nina","7":"product_cat-calzado-para-nina","8":"product_cat-escolar-para-nina","9":"product_tag-bota","10":"product_tag-bota-alta-de-cuero-de-nina","11":"product_tag-bota-amarrada-de-nina","12":"product_tag-bota-de-cuero","13":"product_tag-bota-de-cuero-de-nina","14":"product_tag-bota-de-nina","15":"product_tag-bota-negra-de-nina","16":"pa_piel-negro-lustrable","17":"pa_talla-124","18":"pa_talla-101","19":"pa_talla-103","20":"pa_talla-104","21":"pa_talla-106","22":"pa_talla-107","24":"first","25":"instock","26":"taxable","27":"shipping-taxable","28":"purchasable","29":"product-type-variable"},"acf":[],"_links":{"self":[{"href":"https:\/\/tiendaroy.com\/2025\/wp-json\/wp\/v2\/product\/20558","targetHints":{"allow":["GET"]}}],"collection":[{"href":"https:\/\/tiendaroy.com\/2025\/wp-json\/wp\/v2\/product"}],"about":[{"href":"https:\/\/tiendaroy.com\/2025\/wp-json\/wp\/v2\/types\/product"}],"replies":[{"embeddable":true,"href":"https:\/\/tiendaroy.com\/2025\/wp-json\/wp\/v2\/comments?post=20558"}],"wp:featuredmedia":[{"embeddable":true,"href":"https:\/\/tiendaroy.com\/2025\/wp-json\/wp\/v2\/media\/20559"}],"wp:attachment":[{"href":"https:\/\/tiendaroy.com\/2025\/wp-json\/wp\/v2\/media?parent=20558"}],"wp:term":[{"taxonomy":"product_brand","embeddable":true,"href":"https:\/\/tiendaroy.com\/2025\/wp-json\/wp\/v2\/product_brand?post=20558"},{"taxonomy":"product_cat","embeddable":true,"href":"https:\/\/tiendaroy.com\/2025\/wp-json\/wp\/v2\/product_cat?post=20558"},{"taxonomy":"product_tag","embeddable":true,"href":"https:\/\/tiendaroy.com\/2025\/wp-json\/wp\/v2\/product_tag?post=20558"}],"curies":[{"name":"wp","href":"https:\/\/api.w.org\/{rel}","templated":true}]}}